{"id":300,"date":"2024-06-10T01:56:53","date_gmt":"2024-06-10T01:56:53","guid":{"rendered":"https:\/\/funexsa.org\/?page_id=300"},"modified":"2024-06-10T02:09:51","modified_gmt":"2024-06-10T02:09:51","slug":"nosotros","status":"publish","type":"page","link":"https:\/\/funexsa.org\/index.php\/nosotros\/","title":{"rendered":"Nosotros"},"content":{"rendered":"\n<figure class=\"wp-block-image alignright size-full is-resized\"><img loading=\"lazy\" decoding=\"async\" src=\"https:\/\/funexsa.org\/wp-content\/uploads\/2024\/06\/Imagen-1-1.jpg\" alt=\"\" class=\"wp-image-307\" width=\"300\" height=\"1\"\/><\/figure>\n\n\n\n<h6 class=\"wp-block-heading\" id=\"vk-blocks\">MISI\u00d3N<\/h6>\n\n\n\n<p>Contribuir a elevar el mejoramiento de la calidad de vida de las personas en procura de su fortalecimiento y crecimiento sostenible.<\/p>\n\n\n\n<h6 class=\"wp-block-heading\" id=\"vk-blocks\">VISI\u00d3N<\/h6>\n\n\n\n<p>Ser reconocida como una fundaci\u00f3n que cumple cabalmente a\u00f1o tras a\u00f1o su misi\u00f3n.<\/p>\n\n\n\n<h6 class=\"wp-block-heading\" id=\"vk-blocks\">IMPULSAMOS<\/h6>\n\n\n\n<p>La solidaridad, La cultura, La difusi\u00f3n del conocimiento, La investigaci\u00f3n, Los servicios mutualistas, Los servicios de previsi\u00f3n exequial, Programas de organizaci\u00f3n empresarial, La educaci\u00f3n empresarial, Promoci\u00f3n de microempresas.<\/p>\n\n\n\n<h6 class=\"wp-block-heading\" id=\"vk-blocks\">VALORES<\/h6>\n\n\n\n<ul>\n<li>Honestidad<\/li>\n\n\n\n<li>Servicio<\/li>\n\n\n\n<li>Respeto<\/li>\n\n\n\n<li>Confianza<\/li>\n\n\n\n<li>Amabilidad<\/li>\n\n\n\n<li>Efectividad<\/li>\n\n\n\n<li>Trabajo en Equipo<\/li>\n<\/ul>\n","protected":false},"excerpt":{"rendered":"<p>MISI\u00d3N Contribuir a elevar el mejoramiento de la calidad de vida de las personas en procura de su fortalecimiento y crecimiento sostenible. VISI\u00d3N Ser reconocida como una fundaci\u00f3n que cumple cabalmente a\u00f1o tras a\u00f1o su misi\u00f3n. IMPULSAMOS La solidaridad, La cultura, La difusi\u00f3n del conocimiento, La investigaci\u00f3n, Los servicios mutualistas, Los servicios de previsi\u00f3n exequial, [&hellip;]<\/p>\n","protected":false},"author":1,"featured_media":0,"parent":0,"menu_order":0,"comment_status":"closed","ping_status":"closed","template":"","meta":{"footnotes":""},"_links":{"self":[{"href":"https:\/\/funexsa.org\/index.php\/wp-json\/wp\/v2\/pages\/300"}],"collection":[{"href":"https:\/\/funexsa.org\/index.php\/wp-json\/wp\/v2\/pages"}],"about":[{"href":"https:\/\/funexsa.org\/index.php\/wp-json\/wp\/v2\/types\/page"}],"author":[{"embeddable":true,"href":"https:\/\/funexsa.org\/index.php\/wp-json\/wp\/v2\/users\/1"}],"replies":[{"embeddable":true,"href":"https:\/\/funexsa.org\/index.php\/wp-json\/wp\/v2\/comments?post=300"}],"version-history":[{"count":6,"href":"https:\/\/funexsa.org\/index.php\/wp-json\/wp\/v2\/pages\/300\/revisions"}],"predecessor-version":[{"id":311,"href":"https:\/\/funexsa.org\/index.php\/wp-json\/wp\/v2\/pages\/300\/revisions\/311"}],"wp:attachment":[{"href":"https:\/\/funexsa.org\/index.php\/wp-json\/wp\/v2\/media?parent=300"}],"curies":[{"name":"wp","href":"https:\/\/api.w.org\/{rel}","templated":true}]}}